{"id":163,"date":"2020-04-06T13:44:52","date_gmt":"2020-04-06T11:44:52","guid":{"rendered":"http:\/\/aycastanaflamenco.com\/?page_id=63"},"modified":"2021-09-01T13:12:58","modified_gmt":"2021-09-01T11:12:58","slug":"las-creaciones","status":"publish","type":"page","link":"https:\/\/aycastanaflamenco.com\/index.php\/es\/las-creaciones\/","title":{"rendered":"Manos Sonoras"},"content":{"rendered":"\n<hr class=\"wp-block-separator\"\/>\n\n\n\n<p class=\"has-normal-font-size\">Propuesto por la Compa\u00f1\u00eda \u00a1 Ay Casta\u00f1a !, Manos Sonoras es un espect\u00e1culo que les da mayor importancia a las manos, vectores de la expresi\u00f3n flamenca en su mayor complejidad.<\/p>\n\n\n\n<p class=\"has-normal-font-size\">A veces percusivas, a veces con el eco de la guitarra y del cante a trav\u00e9s del movimiento de la bailaora, tienden un arco entre musicalidad y gracia, entre fuerza y dulzura.<\/p>\n\n\n\n<p class=\"has-normal-font-size\">Explorando, enriqueciendo cada vez m\u00e1s las posibilidades de creaci\u00f3n r\u00edtmica con sus cuerpos, las bailaoras tratan as\u00ed de despertar en el&nbsp; que escucha\/mira, sensaciones profundas e insospechadas.<\/p>\n\n\n\n<hr class=\"wp-block-separator\"\/>\n\n\n\n<div class=\"wp-block-file aligncenter\"><a href=\"http:\/\/aycastanaflamenco.com\/wp-content\/uploads\/2020\/04\/Fiche-technique-Cie-Flamenca-\u00a1-Ay-Casta\u00f1a-.pdf\" class=\"wp-block-file__button\" download>Descargue nuestra hoja informativa<\/a><\/div>\n\n\n\n<hr class=\"wp-block-separator\"\/>\n\n\n\n<figure class=\"wp-block-gallery aligncenter columns-3 is-cropped wp-block-gallery-1 is-layout-flex wp-block-gallery-is-layout-flex\"><ul class=\"blocks-gallery-grid\"><li class=\"blocks-gallery-item\"><figure><a href=\"http:\/\/aycastanaflamenco.com\/wp-content\/uploads\/2020\/04\/DSC9906-2-1-scaled.jpg\"><img loading=\"lazy\" decoding=\"async\" width=\"1024\" height=\"683\" src=\"http:\/\/aycastanaflamenco.com\/wp-content\/uploads\/2020\/04\/DSC9906-2-1-1024x683.jpg\" alt=\"\" data-id=\"58\" data-full-url=\"http:\/\/aycastanaflamenco.com\/wp-content\/uploads\/2020\/04\/DSC9906-2-1-scaled.jpg\" data-link=\"http:\/\/aycastanaflamenco.com\/_dsc9906-2-2\/\" class=\"wp-image-58\" srcset=\"https:\/\/aycastanaflamenco.com\/wp-content\/uploads\/2020\/04\/DSC9906-2-1-1024x683.jpg 1024w, https:\/\/aycastanaflamenco.com\/wp-content\/uploads\/2020\/04\/DSC9906-2-1-300x200.jpg 300w, https:\/\/aycastanaflamenco.com\/wp-content\/uploads\/2020\/04\/DSC9906-2-1-768x513.jpg 768w, https:\/\/aycastanaflamenco.com\/wp-content\/uploads\/2020\/04\/DSC9906-2-1-1536x1025.jpg 1536w, https:\/\/aycastanaflamenco.com\/wp-content\/uploads\/2020\/04\/DSC9906-2-1-2048x1367.jpg 2048w, https:\/\/aycastanaflamenco.com\/wp-content\/uploads\/2020\/04\/DSC9906-2-1-800x534.jpg 800w\" sizes=\"auto, (max-width: 1024px) 100vw, 1024px\" \/><\/a><\/figure><\/li><li class=\"blocks-gallery-item\"><figure><a href=\"http:\/\/aycastanaflamenco.com\/wp-content\/uploads\/2020\/04\/DSC9888-1-scaled.jpg\"><img loading=\"lazy\" decoding=\"async\" width=\"1024\" height=\"683\" src=\"http:\/\/aycastanaflamenco.com\/wp-content\/uploads\/2020\/04\/DSC9888-1-1024x683.jpg\" alt=\"\" data-id=\"55\" data-full-url=\"http:\/\/aycastanaflamenco.com\/wp-content\/uploads\/2020\/04\/DSC9888-1-scaled.jpg\" data-link=\"http:\/\/aycastanaflamenco.com\/_dsc9888-2\/\" class=\"wp-image-55\" srcset=\"https:\/\/aycastanaflamenco.com\/wp-content\/uploads\/2020\/04\/DSC9888-1-1024x683.jpg 1024w, https:\/\/aycastanaflamenco.com\/wp-content\/uploads\/2020\/04\/DSC9888-1-300x200.jpg 300w, https:\/\/aycastanaflamenco.com\/wp-content\/uploads\/2020\/04\/DSC9888-1-768x513.jpg 768w, https:\/\/aycastanaflamenco.com\/wp-content\/uploads\/2020\/04\/DSC9888-1-1536x1025.jpg 1536w, https:\/\/aycastanaflamenco.com\/wp-content\/uploads\/2020\/04\/DSC9888-1-2048x1367.jpg 2048w, https:\/\/aycastanaflamenco.com\/wp-content\/uploads\/2020\/04\/DSC9888-1-800x534.jpg 800w\" sizes=\"auto, (max-width: 1024px) 100vw, 1024px\" \/><\/a><\/figure><\/li><li class=\"blocks-gallery-item\"><figure><a href=\"http:\/\/aycastanaflamenco.com\/wp-content\/uploads\/2020\/04\/DSC9863-scaled.jpg\"><img loading=\"lazy\" decoding=\"async\" width=\"1024\" height=\"683\" src=\"http:\/\/aycastanaflamenco.com\/wp-content\/uploads\/2020\/04\/DSC9863-1024x683.jpg\" alt=\"\" data-id=\"54\" data-full-url=\"http:\/\/aycastanaflamenco.com\/wp-content\/uploads\/2020\/04\/DSC9863-scaled.jpg\" data-link=\"http:\/\/aycastanaflamenco.com\/_dsc9863\/\" class=\"wp-image-54\" srcset=\"https:\/\/aycastanaflamenco.com\/wp-content\/uploads\/2020\/04\/DSC9863-1024x683.jpg 1024w, https:\/\/aycastanaflamenco.com\/wp-content\/uploads\/2020\/04\/DSC9863-300x200.jpg 300w, https:\/\/aycastanaflamenco.com\/wp-content\/uploads\/2020\/04\/DSC9863-768x513.jpg 768w, https:\/\/aycastanaflamenco.com\/wp-content\/uploads\/2020\/04\/DSC9863-1536x1025.jpg 1536w, https:\/\/aycastanaflamenco.com\/wp-content\/uploads\/2020\/04\/DSC9863-2048x1367.jpg 2048w, https:\/\/aycastanaflamenco.com\/wp-content\/uploads\/2020\/04\/DSC9863-800x534.jpg 800w\" sizes=\"auto, (max-width: 1024px) 100vw, 1024px\" \/><\/a><\/figure><\/li><li class=\"blocks-gallery-item\"><figure><a href=\"http:\/\/aycastanaflamenco.com\/wp-content\/uploads\/2020\/04\/DSC9772-scaled.jpg\"><img loading=\"lazy\" decoding=\"async\" width=\"1024\" height=\"683\" src=\"http:\/\/aycastanaflamenco.com\/wp-content\/uploads\/2020\/04\/DSC9772-1024x683.jpg\" alt=\"\" data-id=\"47\" data-full-url=\"http:\/\/aycastanaflamenco.com\/wp-content\/uploads\/2020\/04\/DSC9772-scaled.jpg\" data-link=\"http:\/\/aycastanaflamenco.com\/_dsc9772\/\" class=\"wp-image-47\" srcset=\"https:\/\/aycastanaflamenco.com\/wp-content\/uploads\/2020\/04\/DSC9772-1024x683.jpg 1024w, https:\/\/aycastanaflamenco.com\/wp-content\/uploads\/2020\/04\/DSC9772-300x200.jpg 300w, https:\/\/aycastanaflamenco.com\/wp-content\/uploads\/2020\/04\/DSC9772-768x513.jpg 768w, https:\/\/aycastanaflamenco.com\/wp-content\/uploads\/2020\/04\/DSC9772-1536x1025.jpg 1536w, https:\/\/aycastanaflamenco.com\/wp-content\/uploads\/2020\/04\/DSC9772-2048x1367.jpg 2048w, https:\/\/aycastanaflamenco.com\/wp-content\/uploads\/2020\/04\/DSC9772-800x534.jpg 800w\" sizes=\"auto, (max-width: 1024px) 100vw, 1024px\" \/><\/a><\/figure><\/li><li class=\"blocks-gallery-item\"><figure><a href=\"http:\/\/aycastanaflamenco.com\/wp-content\/uploads\/2020\/04\/DSC9734-scaled.jpg\"><img loading=\"lazy\" decoding=\"async\" width=\"1024\" height=\"683\" src=\"http:\/\/aycastanaflamenco.com\/wp-content\/uploads\/2020\/04\/DSC9734-1024x683.jpg\" alt=\"\" data-id=\"45\" data-full-url=\"http:\/\/aycastanaflamenco.com\/wp-content\/uploads\/2020\/04\/DSC9734-scaled.jpg\" data-link=\"http:\/\/aycastanaflamenco.com\/_dsc9734\/\" class=\"wp-image-45\" srcset=\"https:\/\/aycastanaflamenco.com\/wp-content\/uploads\/2020\/04\/DSC9734-1024x683.jpg 1024w, https:\/\/aycastanaflamenco.com\/wp-content\/uploads\/2020\/04\/DSC9734-300x200.jpg 300w, https:\/\/aycastanaflamenco.com\/wp-content\/uploads\/2020\/04\/DSC9734-768x513.jpg 768w, https:\/\/aycastanaflamenco.com\/wp-content\/uploads\/2020\/04\/DSC9734-1536x1025.jpg 1536w, https:\/\/aycastanaflamenco.com\/wp-content\/uploads\/2020\/04\/DSC9734-2048x1367.jpg 2048w, https:\/\/aycastanaflamenco.com\/wp-content\/uploads\/2020\/04\/DSC9734-800x534.jpg 800w\" sizes=\"auto, (max-width: 1024px) 100vw, 1024px\" \/><\/a><\/figure><\/li><li class=\"blocks-gallery-item\"><figure><a href=\"http:\/\/aycastanaflamenco.com\/wp-content\/uploads\/2020\/04\/DSC9680-scaled.jpg\"><img loading=\"lazy\" decoding=\"async\" width=\"1024\" height=\"683\" src=\"http:\/\/aycastanaflamenco.com\/wp-content\/uploads\/2020\/04\/DSC9680-1024x683.jpg\" alt=\"\" data-id=\"39\" data-full-url=\"http:\/\/aycastanaflamenco.com\/wp-content\/uploads\/2020\/04\/DSC9680-scaled.jpg\" data-link=\"http:\/\/aycastanaflamenco.com\/_dsc9680\/\" class=\"wp-image-39\" srcset=\"https:\/\/aycastanaflamenco.com\/wp-content\/uploads\/2020\/04\/DSC9680-1024x683.jpg 1024w, https:\/\/aycastanaflamenco.com\/wp-content\/uploads\/2020\/04\/DSC9680-300x200.jpg 300w, https:\/\/aycastanaflamenco.com\/wp-content\/uploads\/2020\/04\/DSC9680-768x513.jpg 768w, https:\/\/aycastanaflamenco.com\/wp-content\/uploads\/2020\/04\/DSC9680-1536x1025.jpg 1536w, https:\/\/aycastanaflamenco.com\/wp-content\/uploads\/2020\/04\/DSC9680-2048x1367.jpg 2048w, https:\/\/aycastanaflamenco.com\/wp-content\/uploads\/2020\/04\/DSC9680-800x534.jpg 800w\" sizes=\"auto, (max-width: 1024px) 100vw, 1024px\" \/><\/a><\/figure><\/li><li class=\"blocks-gallery-item\"><figure><a href=\"http:\/\/aycastanaflamenco.com\/wp-content\/uploads\/2020\/04\/DSC9723-scaled.jpg\"><img loading=\"lazy\" decoding=\"async\" width=\"1024\" height=\"683\" src=\"http:\/\/aycastanaflamenco.com\/wp-content\/uploads\/2020\/04\/DSC9723-1024x683.jpg\" alt=\"\" data-id=\"42\" data-full-url=\"http:\/\/aycastanaflamenco.com\/wp-content\/uploads\/2020\/04\/DSC9723-scaled.jpg\" data-link=\"http:\/\/aycastanaflamenco.com\/_dsc9723\/\" class=\"wp-image-42\" srcset=\"https:\/\/aycastanaflamenco.com\/wp-content\/uploads\/2020\/04\/DSC9723-1024x683.jpg 1024w, https:\/\/aycastanaflamenco.com\/wp-content\/uploads\/2020\/04\/DSC9723-300x200.jpg 300w, https:\/\/aycastanaflamenco.com\/wp-content\/uploads\/2020\/04\/DSC9723-768x513.jpg 768w, https:\/\/aycastanaflamenco.com\/wp-content\/uploads\/2020\/04\/DSC9723-1536x1025.jpg 1536w, https:\/\/aycastanaflamenco.com\/wp-content\/uploads\/2020\/04\/DSC9723-2048x1367.jpg 2048w, https:\/\/aycastanaflamenco.com\/wp-content\/uploads\/2020\/04\/DSC9723-800x534.jpg 800w\" sizes=\"auto, (max-width: 1024px) 100vw, 1024px\" \/><\/a><\/figure><\/li><li class=\"blocks-gallery-item\"><figure><a href=\"http:\/\/aycastanaflamenco.com\/wp-content\/uploads\/2020\/04\/DSC9666-1-scaled.jpg\"><img loading=\"lazy\" decoding=\"async\" width=\"1024\" height=\"683\" src=\"http:\/\/aycastanaflamenco.com\/wp-content\/uploads\/2020\/04\/DSC9666-1-1024x683.jpg\" alt=\"\" data-id=\"38\" data-full-url=\"http:\/\/aycastanaflamenco.com\/wp-content\/uploads\/2020\/04\/DSC9666-1-scaled.jpg\" data-link=\"http:\/\/aycastanaflamenco.com\/_dsc9666-2\/\" class=\"wp-image-38\" srcset=\"https:\/\/aycastanaflamenco.com\/wp-content\/uploads\/2020\/04\/DSC9666-1-1024x683.jpg 1024w, https:\/\/aycastanaflamenco.com\/wp-content\/uploads\/2020\/04\/DSC9666-1-300x200.jpg 300w, https:\/\/aycastanaflamenco.com\/wp-content\/uploads\/2020\/04\/DSC9666-1-768x513.jpg 768w, https:\/\/aycastanaflamenco.com\/wp-content\/uploads\/2020\/04\/DSC9666-1-1536x1025.jpg 1536w, https:\/\/aycastanaflamenco.com\/wp-content\/uploads\/2020\/04\/DSC9666-1-2048x1367.jpg 2048w, https:\/\/aycastanaflamenco.com\/wp-content\/uploads\/2020\/04\/DSC9666-1-800x534.jpg 800w\" sizes=\"auto, (max-width: 1024px) 100vw, 1024px\" \/><\/a><\/figure><\/li><li class=\"blocks-gallery-item\"><figure><a href=\"http:\/\/aycastanaflamenco.com\/wp-content\/uploads\/2020\/04\/DSC9662-scaled.jpg\"><img loading=\"lazy\" decoding=\"async\" width=\"1024\" height=\"683\" src=\"http:\/\/aycastanaflamenco.com\/wp-content\/uploads\/2020\/04\/DSC9662-1024x683.jpg\" alt=\"\" data-id=\"36\" data-full-url=\"http:\/\/aycastanaflamenco.com\/wp-content\/uploads\/2020\/04\/DSC9662-scaled.jpg\" data-link=\"http:\/\/aycastanaflamenco.com\/_dsc9662\/\" class=\"wp-image-36\" srcset=\"https:\/\/aycastanaflamenco.com\/wp-content\/uploads\/2020\/04\/DSC9662-1024x683.jpg 1024w, https:\/\/aycastanaflamenco.com\/wp-content\/uploads\/2020\/04\/DSC9662-300x200.jpg 300w, https:\/\/aycastanaflamenco.com\/wp-content\/uploads\/2020\/04\/DSC9662-768x513.jpg 768w, https:\/\/aycastanaflamenco.com\/wp-content\/uploads\/2020\/04\/DSC9662-1536x1025.jpg 1536w\" sizes=\"auto, (max-width: 1024px) 100vw, 1024px\" \/><\/a><\/figure><\/li><li class=\"blocks-gallery-item\"><figure><a href=\"http:\/\/aycastanaflamenco.com\/wp-content\/uploads\/2020\/04\/DSC9654-1-scaled.jpg\"><img loading=\"lazy\" decoding=\"async\" width=\"1024\" height=\"683\" src=\"http:\/\/aycastanaflamenco.com\/wp-content\/uploads\/2020\/04\/DSC9654-1-1024x683.jpg\" alt=\"\" data-id=\"33\" data-full-url=\"http:\/\/aycastanaflamenco.com\/wp-content\/uploads\/2020\/04\/DSC9654-1-scaled.jpg\" data-link=\"http:\/\/aycastanaflamenco.com\/_dsc9654-2\/\" class=\"wp-image-33\" srcset=\"https:\/\/aycastanaflamenco.com\/wp-content\/uploads\/2020\/04\/DSC9654-1-1024x683.jpg 1024w, https:\/\/aycastanaflamenco.com\/wp-content\/uploads\/2020\/04\/DSC9654-1-300x200.jpg 300w, https:\/\/aycastanaflamenco.com\/wp-content\/uploads\/2020\/04\/DSC9654-1-768x513.jpg 768w, https:\/\/aycastanaflamenco.com\/wp-content\/uploads\/2020\/04\/DSC9654-1-1536x1025.jpg 1536w, https:\/\/aycastanaflamenco.com\/wp-content\/uploads\/2020\/04\/DSC9654-1-2048x1367.jpg 2048w, https:\/\/aycastanaflamenco.com\/wp-content\/uploads\/2020\/04\/DSC9654-1-800x534.jpg 800w\" sizes=\"auto, (max-width: 1024px) 100vw, 1024px\" \/><\/a><\/figure><\/li><\/ul><\/figure>\n\n\n\n<hr class=\"wp-block-separator\"\/>\n\n\n\n<figure class=\"wp-block-embed is-type-video is-provider-youtube wp-block-embed-youtube wp-embed-aspect-16-9 wp-has-aspect-ratio\"><div class=\"wp-block-embed__wrapper\">\n<iframe loading=\"lazy\" title=\"Cie Flamenca \u00a1 Ay Casta\u00f1a ! - &quot;Manos Sonoras&quot; Teaser 2019\" width=\"640\" height=\"360\" src=\"https:\/\/www.youtube.com\/embed\/8uC_mv8NNP4?feature=oembed\" frameborder=\"0\" allow=\"accelerometer; autoplay; clipboard-write; encrypted-media; gyroscope; picture-in-picture; web-share\" referrerpolicy=\"strict-origin-when-cross-origin\" allowfullscreen><\/iframe>\n<\/div><\/figure>\n\n\n\n<div class=\"wp-block-buttons is-content-justification-center is-layout-flex wp-block-buttons-is-layout-flex\">\n<div class=\"wp-block-button is-style-outline is-style-outline--2\"><a class=\"wp-block-button__link has-text-color has-background\" href=\"http:\/\/aycastanaflamenco.com\/index.php\/es\/pongase-en-contacto-con\/\" style=\"background-color:#ffffff;color:#ff5757\">Contacto<\/a><\/div>\n<\/div>\n\n\n\n<hr class=\"wp-block-separator\"\/>\n","protected":false},"excerpt":{"rendered":"<p>Propuesto por la Compa\u00f1\u00eda \u00a1 Ay Casta\u00f1a !, Manos Sonoras es un espect\u00e1culo que les da mayor\u2026<\/p>\n","protected":false},"author":1,"featured_media":0,"parent":0,"menu_order":0,"comment_status":"closed","ping_status":"closed","template":"","meta":{"_monsterinsights_skip_tracking":false,"_monsterinsights_sitenote_active":false,"_monsterinsights_sitenote_note":"","_monsterinsights_sitenote_category":0,"footnotes":""},"class_list":["post-163","page","type-page","status-publish","hentry"],"yoast_head":"<!-- This site is optimized with the Yoast SEO plugin v25.2 - https:\/\/yoast.com\/wordpress\/plugins\/seo\/ -->\n<title>Manos Sonoras - \u00a1 Ay Casta\u00f1a ! Flamenco<\/title>\n<meta name=\"description\" content=\"A trav\u00e9s de sus creaciones, la compa\u00f1ia \u00a1 Ay Casta\u00f1a ! tiende a experimentar nuevas formas de expresi\u00f3n de la m\u00fasica flamenca.\" \/>\n<meta name=\"robots\" content=\"index, follow, max-snippet:-1, max-image-preview:large, max-video-preview:-1\" \/>\n<link rel=\"canonical\" href=\"https:\/\/aycastanaflamenco.com\/index.php\/es\/las-creaciones\/\" \/>\n<meta property=\"og:locale\" content=\"fr_FR\" \/>\n<meta property=\"og:type\" content=\"article\" \/>\n<meta property=\"og:title\" content=\"Manos Sonoras - \u00a1 Ay Casta\u00f1a ! Flamenco\" \/>\n<meta property=\"og:description\" content=\"A trav\u00e9s de sus creaciones, la compa\u00f1ia \u00a1 Ay Casta\u00f1a ! tiende a experimentar nuevas formas de expresi\u00f3n de la m\u00fasica flamenca.\" \/>\n<meta property=\"og:url\" content=\"https:\/\/aycastanaflamenco.com\/index.php\/es\/las-creaciones\/\" \/>\n<meta property=\"og:site_name\" content=\"\u00a1 Ay Casta\u00f1a ! Flamenco\" \/>\n<meta property=\"article:modified_time\" content=\"2021-09-01T11:12:58+00:00\" \/>\n<meta property=\"og:image\" content=\"http:\/\/aycastanaflamenco.com\/wp-content\/uploads\/2020\/04\/DSC9906-2-1-1024x683.jpg\" \/>\n<meta name=\"twitter:card\" content=\"summary_large_image\" \/>\n<meta name=\"twitter:label1\" content=\"Dur\u00e9e de lecture estim\u00e9e\" \/>\n\t<meta name=\"twitter:data1\" content=\"3 minutes\" \/>\n<script type=\"application\/ld+json\" class=\"yoast-schema-graph\">{\"@context\":\"https:\/\/schema.org\",\"@graph\":[{\"@type\":\"WebPage\",\"@id\":\"https:\/\/aycastanaflamenco.com\/index.php\/es\/las-creaciones\/\",\"url\":\"https:\/\/aycastanaflamenco.com\/index.php\/es\/las-creaciones\/\",\"name\":\"Manos Sonoras - \u00a1 Ay Casta\u00f1a ! Flamenco\",\"isPartOf\":{\"@id\":\"https:\/\/aycastanaflamenco.com\/#website\"},\"primaryImageOfPage\":{\"@id\":\"https:\/\/aycastanaflamenco.com\/index.php\/es\/las-creaciones\/#primaryimage\"},\"image\":{\"@id\":\"https:\/\/aycastanaflamenco.com\/index.php\/es\/las-creaciones\/#primaryimage\"},\"thumbnailUrl\":\"http:\/\/aycastanaflamenco.com\/wp-content\/uploads\/2020\/04\/DSC9906-2-1-1024x683.jpg\",\"datePublished\":\"2020-04-06T11:44:52+00:00\",\"dateModified\":\"2021-09-01T11:12:58+00:00\",\"description\":\"A trav\u00e9s de sus creaciones, la compa\u00f1ia \u00a1 Ay Casta\u00f1a ! tiende a experimentar nuevas formas de expresi\u00f3n de la m\u00fasica flamenca.\",\"breadcrumb\":{\"@id\":\"https:\/\/aycastanaflamenco.com\/index.php\/es\/las-creaciones\/#breadcrumb\"},\"inLanguage\":\"fr-FR\",\"potentialAction\":[{\"@type\":\"ReadAction\",\"target\":[\"https:\/\/aycastanaflamenco.com\/index.php\/es\/las-creaciones\/\"]}]},{\"@type\":\"ImageObject\",\"inLanguage\":\"fr-FR\",\"@id\":\"https:\/\/aycastanaflamenco.com\/index.php\/es\/las-creaciones\/#primaryimage\",\"url\":\"http:\/\/aycastanaflamenco.com\/wp-content\/uploads\/2020\/04\/DSC9906-2-1-1024x683.jpg\",\"contentUrl\":\"http:\/\/aycastanaflamenco.com\/wp-content\/uploads\/2020\/04\/DSC9906-2-1-1024x683.jpg\"},{\"@type\":\"BreadcrumbList\",\"@id\":\"https:\/\/aycastanaflamenco.com\/index.php\/es\/las-creaciones\/#breadcrumb\",\"itemListElement\":[{\"@type\":\"ListItem\",\"position\":1,\"name\":\"Accueil\"},{\"@type\":\"ListItem\",\"position\":2,\"name\":\"Manos Sonoras\"}]},{\"@type\":\"WebSite\",\"@id\":\"https:\/\/aycastanaflamenco.com\/#website\",\"url\":\"https:\/\/aycastanaflamenco.com\/\",\"name\":\"\u00a1 Ay Casta\u00f1a ! Flamenco\",\"description\":\"\",\"publisher\":{\"@id\":\"https:\/\/aycastanaflamenco.com\/#organization\"},\"potentialAction\":[{\"@type\":\"SearchAction\",\"target\":{\"@type\":\"EntryPoint\",\"urlTemplate\":\"https:\/\/aycastanaflamenco.com\/?s={search_term_string}\"},\"query-input\":{\"@type\":\"PropertyValueSpecification\",\"valueRequired\":true,\"valueName\":\"search_term_string\"}}],\"inLanguage\":\"fr-FR\"},{\"@type\":\"Organization\",\"@id\":\"https:\/\/aycastanaflamenco.com\/#organization\",\"name\":\"Ay Castana Flamenco\",\"url\":\"https:\/\/aycastanaflamenco.com\/\",\"logo\":{\"@type\":\"ImageObject\",\"inLanguage\":\"fr-FR\",\"@id\":\"https:\/\/aycastanaflamenco.com\/#\/schema\/logo\/image\/\",\"url\":\"https:\/\/aycastanaflamenco.com\/wp-content\/uploads\/2020\/04\/cropped-Logo-Playlist.png\",\"contentUrl\":\"https:\/\/aycastanaflamenco.com\/wp-content\/uploads\/2020\/04\/cropped-Logo-Playlist.png\",\"width\":500,\"height\":176,\"caption\":\"Ay Castana Flamenco\"},\"image\":{\"@id\":\"https:\/\/aycastanaflamenco.com\/#\/schema\/logo\/image\/\"}}]}<\/script>\n<!-- \/ Yoast SEO plugin. -->","yoast_head_json":{"title":"Manos Sonoras - \u00a1 Ay Casta\u00f1a ! Flamenco","description":"A trav\u00e9s de sus creaciones, la compa\u00f1ia \u00a1 Ay Casta\u00f1a ! tiende a experimentar nuevas formas de expresi\u00f3n de la m\u00fasica flamenca.","robots":{"index":"index","follow":"follow","max-snippet":"max-snippet:-1","max-image-preview":"max-image-preview:large","max-video-preview":"max-video-preview:-1"},"canonical":"https:\/\/aycastanaflamenco.com\/index.php\/es\/las-creaciones\/","og_locale":"fr_FR","og_type":"article","og_title":"Manos Sonoras - \u00a1 Ay Casta\u00f1a ! Flamenco","og_description":"A trav\u00e9s de sus creaciones, la compa\u00f1ia \u00a1 Ay Casta\u00f1a ! tiende a experimentar nuevas formas de expresi\u00f3n de la m\u00fasica flamenca.","og_url":"https:\/\/aycastanaflamenco.com\/index.php\/es\/las-creaciones\/","og_site_name":"\u00a1 Ay Casta\u00f1a ! Flamenco","article_modified_time":"2021-09-01T11:12:58+00:00","og_image":[{"url":"http:\/\/aycastanaflamenco.com\/wp-content\/uploads\/2020\/04\/DSC9906-2-1-1024x683.jpg","type":"","width":"","height":""}],"twitter_card":"summary_large_image","twitter_misc":{"Dur\u00e9e de lecture estim\u00e9e":"3 minutes"},"schema":{"@context":"https:\/\/schema.org","@graph":[{"@type":"WebPage","@id":"https:\/\/aycastanaflamenco.com\/index.php\/es\/las-creaciones\/","url":"https:\/\/aycastanaflamenco.com\/index.php\/es\/las-creaciones\/","name":"Manos Sonoras - \u00a1 Ay Casta\u00f1a ! Flamenco","isPartOf":{"@id":"https:\/\/aycastanaflamenco.com\/#website"},"primaryImageOfPage":{"@id":"https:\/\/aycastanaflamenco.com\/index.php\/es\/las-creaciones\/#primaryimage"},"image":{"@id":"https:\/\/aycastanaflamenco.com\/index.php\/es\/las-creaciones\/#primaryimage"},"thumbnailUrl":"http:\/\/aycastanaflamenco.com\/wp-content\/uploads\/2020\/04\/DSC9906-2-1-1024x683.jpg","datePublished":"2020-04-06T11:44:52+00:00","dateModified":"2021-09-01T11:12:58+00:00","description":"A trav\u00e9s de sus creaciones, la compa\u00f1ia \u00a1 Ay Casta\u00f1a ! tiende a experimentar nuevas formas de expresi\u00f3n de la m\u00fasica flamenca.","breadcrumb":{"@id":"https:\/\/aycastanaflamenco.com\/index.php\/es\/las-creaciones\/#breadcrumb"},"inLanguage":"fr-FR","potentialAction":[{"@type":"ReadAction","target":["https:\/\/aycastanaflamenco.com\/index.php\/es\/las-creaciones\/"]}]},{"@type":"ImageObject","inLanguage":"fr-FR","@id":"https:\/\/aycastanaflamenco.com\/index.php\/es\/las-creaciones\/#primaryimage","url":"http:\/\/aycastanaflamenco.com\/wp-content\/uploads\/2020\/04\/DSC9906-2-1-1024x683.jpg","contentUrl":"http:\/\/aycastanaflamenco.com\/wp-content\/uploads\/2020\/04\/DSC9906-2-1-1024x683.jpg"},{"@type":"BreadcrumbList","@id":"https:\/\/aycastanaflamenco.com\/index.php\/es\/las-creaciones\/#breadcrumb","itemListElement":[{"@type":"ListItem","position":1,"name":"Accueil"},{"@type":"ListItem","position":2,"name":"Manos Sonoras"}]},{"@type":"WebSite","@id":"https:\/\/aycastanaflamenco.com\/#website","url":"https:\/\/aycastanaflamenco.com\/","name":"\u00a1 Ay Casta\u00f1a ! Flamenco","description":"","publisher":{"@id":"https:\/\/aycastanaflamenco.com\/#organization"},"potentialAction":[{"@type":"SearchAction","target":{"@type":"EntryPoint","urlTemplate":"https:\/\/aycastanaflamenco.com\/?s={search_term_string}"},"query-input":{"@type":"PropertyValueSpecification","valueRequired":true,"valueName":"search_term_string"}}],"inLanguage":"fr-FR"},{"@type":"Organization","@id":"https:\/\/aycastanaflamenco.com\/#organization","name":"Ay Castana Flamenco","url":"https:\/\/aycastanaflamenco.com\/","logo":{"@type":"ImageObject","inLanguage":"fr-FR","@id":"https:\/\/aycastanaflamenco.com\/#\/schema\/logo\/image\/","url":"https:\/\/aycastanaflamenco.com\/wp-content\/uploads\/2020\/04\/cropped-Logo-Playlist.png","contentUrl":"https:\/\/aycastanaflamenco.com\/wp-content\/uploads\/2020\/04\/cropped-Logo-Playlist.png","width":500,"height":176,"caption":"Ay Castana Flamenco"},"image":{"@id":"https:\/\/aycastanaflamenco.com\/#\/schema\/logo\/image\/"}}]}},"_links":{"self":[{"href":"https:\/\/aycastanaflamenco.com\/index.php\/wp-json\/wp\/v2\/pages\/163","targetHints":{"allow":["GET"]}}],"collection":[{"href":"https:\/\/aycastanaflamenco.com\/index.php\/wp-json\/wp\/v2\/pages"}],"about":[{"href":"https:\/\/aycastanaflamenco.com\/index.php\/wp-json\/wp\/v2\/types\/page"}],"author":[{"embeddable":true,"href":"https:\/\/aycastanaflamenco.com\/index.php\/wp-json\/wp\/v2\/users\/1"}],"replies":[{"embeddable":true,"href":"https:\/\/aycastanaflamenco.com\/index.php\/wp-json\/wp\/v2\/comments?post=163"}],"version-history":[{"count":8,"href":"https:\/\/aycastanaflamenco.com\/index.php\/wp-json\/wp\/v2\/pages\/163\/revisions"}],"predecessor-version":[{"id":739,"href":"https:\/\/aycastanaflamenco.com\/index.php\/wp-json\/wp\/v2\/pages\/163\/revisions\/739"}],"wp:attachment":[{"href":"https:\/\/aycastanaflamenco.com\/index.php\/wp-json\/wp\/v2\/media?parent=163"}],"curies":[{"name":"wp","href":"https:\/\/api.w.org\/{rel}","templated":true}]}}