{"id":67,"date":"2020-04-06T13:45:16","date_gmt":"2020-04-06T11:45:16","guid":{"rendered":"http:\/\/aycastanaflamenco.com\/?page_id=67"},"modified":"2023-09-03T18:02:08","modified_gmt":"2023-09-03T16:02:08","slug":"adela-brugidou","status":"publish","type":"page","link":"https:\/\/aycastanaflamenco.com\/index.php\/adela-brugidou\/","title":{"rendered":"Ad\u00e8le Brugidou"},"content":{"rendered":"\n<hr class=\"wp-block-separator has-css-opacity\"\/>\n\n\n<div class=\"wp-block-image\">\n<figure class=\"aligncenter size-large\"><img loading=\"lazy\" decoding=\"async\" width=\"1024\" height=\"683\" src=\"http:\/\/aycastanaflamenco.com\/wp-content\/uploads\/2020\/04\/DSC9783-1024x683.jpg\" alt=\"\" class=\"wp-image-48\" srcset=\"https:\/\/aycastanaflamenco.com\/wp-content\/uploads\/2020\/04\/DSC9783-1024x683.jpg 1024w, https:\/\/aycastanaflamenco.com\/wp-content\/uploads\/2020\/04\/DSC9783-300x200.jpg 300w, https:\/\/aycastanaflamenco.com\/wp-content\/uploads\/2020\/04\/DSC9783-768x513.jpg 768w, https:\/\/aycastanaflamenco.com\/wp-content\/uploads\/2020\/04\/DSC9783-1536x1025.jpg 1536w, https:\/\/aycastanaflamenco.com\/wp-content\/uploads\/2020\/04\/DSC9783-2048x1367.jpg 2048w, https:\/\/aycastanaflamenco.com\/wp-content\/uploads\/2020\/04\/DSC9783-800x534.jpg 800w\" sizes=\"auto, (max-width: 1024px) 100vw, 1024px\" \/><\/figure><\/div>\n\n\n<hr class=\"wp-block-separator has-css-opacity\"\/>\n\n\n\n<blockquote class=\"wp-block-quote has-text-align-center is-style-large is-layout-flow wp-block-quote-is-layout-flow\">\n<p><em>\u00ab Le Flamenco est le lien entre mes plus profondes \u00e9motions et leur expression brute. Gr\u00e2ce \u00e0 cet art intense, je me sens vivante.\u201d<\/em><\/p>\n<\/blockquote>\n\n\n\n<hr class=\"wp-block-separator has-css-opacity\"\/>\n\n\n\n<p class=\"has-normal-font-size\">Originaire de Paris, Ad\u00e8le se forme \u00e0 la danse classique et \u00e0 la danse contemporaine durant plus de 15 ans avant de d\u00e9couvrir le flamenco en 2010 lors de ses \u00e9tudes d\u2019\u00e9conomie et gestion \u00e0 l\u2019Universit\u00e9 Autonome de Madrid.<\/p>\n\n\n\n<p class=\"has-normal-font-size\">En 2015, elle d\u00e9m\u00e9nage \u00e0 S\u00e9ville pour se consacrer enti\u00e8rement au baile flamenco. C\u2019est l\u00e0-bas qu\u2019elle se forme professionnellement et de mani\u00e8re intensive aupr\u00e8s de grands maestros (Alicia M\u00e1rquez et Ram\u00f3n Mart\u00ednez entre autres).<\/p>\n\n\n\n<p class=\"has-normal-font-size\">En 2017, elle s\u2019installe \u00e0 Jerez de la Frontera, v\u00e9ritable berceau du chant flamenco, et perfectionne son style \u00e9pur\u00e9 et authentique aupr\u00e8s de grands danseurs et professeurs tels que Miguel \u00c1ngel Heredia ou Beatriz Morales.&nbsp;<\/p>\n\n\n\n<p class=\"has-normal-font-size\">Aujourd\u2019hui bas\u00e9e \u00e0 S\u00e9ville, Ad\u00e8le co-g\u00e8re un centre culturel de flamenco qui donne l\u2019opportunit\u00e9 aux jeunes artistes internationaux de se produire aux c\u00f4t\u00e9s de professionnels reconnus. Elle-m\u00eame se produit et enseigne r\u00e9guli\u00e8rement en France et en Espagne mais \u00e9galement dans toute l\u2019Europe (Pologne, etc).<\/p>\n\n\n\n<hr class=\"wp-block-separator has-css-opacity\"\/>\n\n\n\n<figure class=\"wp-block-gallery has-nested-images columns-default is-cropped wp-block-gallery-1 is-layout-flex wp-block-gallery-is-layout-flex\">\n<figure class=\"wp-block-image size-large\"><img loading=\"lazy\" decoding=\"async\" width=\"683\" height=\"1024\" data-id=\"57\" src=\"https:\/\/aycastanaflamenco.com\/wp-content\/uploads\/2020\/04\/DSC9893-683x1024.jpg\" alt=\"Spectacle Manos Sonoras 2\" class=\"wp-image-57\" srcset=\"https:\/\/aycastanaflamenco.com\/wp-content\/uploads\/2020\/04\/DSC9893-683x1024.jpg 683w, https:\/\/aycastanaflamenco.com\/wp-content\/uploads\/2020\/04\/DSC9893-200x300.jpg 200w, https:\/\/aycastanaflamenco.com\/wp-content\/uploads\/2020\/04\/DSC9893-768x1151.jpg 768w, https:\/\/aycastanaflamenco.com\/wp-content\/uploads\/2020\/04\/DSC9893-1025x1536.jpg 1025w, https:\/\/aycastanaflamenco.com\/wp-content\/uploads\/2020\/04\/DSC9893-1367x2048.jpg 1367w, https:\/\/aycastanaflamenco.com\/wp-content\/uploads\/2020\/04\/DSC9893-800x1199.jpg 800w, https:\/\/aycastanaflamenco.com\/wp-content\/uploads\/2020\/04\/DSC9893-scaled.jpg 1709w\" sizes=\"auto, (max-width: 683px) 100vw, 683px\" \/><\/figure>\n\n\n\n<figure class=\"wp-block-image size-large\"><img loading=\"lazy\" decoding=\"async\" width=\"683\" height=\"1024\" data-id=\"56\" src=\"https:\/\/aycastanaflamenco.com\/wp-content\/uploads\/2020\/04\/DSC9892-683x1024.jpg\" alt=\"Spectacle Manos Sonoras 3\" class=\"wp-image-56\" srcset=\"https:\/\/aycastanaflamenco.com\/wp-content\/uploads\/2020\/04\/DSC9892-683x1024.jpg 683w, https:\/\/aycastanaflamenco.com\/wp-content\/uploads\/2020\/04\/DSC9892-200x300.jpg 200w, https:\/\/aycastanaflamenco.com\/wp-content\/uploads\/2020\/04\/DSC9892-768x1151.jpg 768w, https:\/\/aycastanaflamenco.com\/wp-content\/uploads\/2020\/04\/DSC9892-1025x1536.jpg 1025w, https:\/\/aycastanaflamenco.com\/wp-content\/uploads\/2020\/04\/DSC9892-1367x2048.jpg 1367w, https:\/\/aycastanaflamenco.com\/wp-content\/uploads\/2020\/04\/DSC9892-800x1199.jpg 800w, https:\/\/aycastanaflamenco.com\/wp-content\/uploads\/2020\/04\/DSC9892-scaled.jpg 1709w\" sizes=\"auto, (max-width: 683px) 100vw, 683px\" \/><\/figure>\n\n\n\n<figure class=\"wp-block-image size-large\"><img loading=\"lazy\" decoding=\"async\" width=\"1024\" height=\"683\" data-id=\"53\" src=\"https:\/\/aycastanaflamenco.com\/wp-content\/uploads\/2020\/04\/DSC9826-1024x683.jpg\" alt=\"Spectacle Manos Sonoras 6\" class=\"wp-image-53\" srcset=\"https:\/\/aycastanaflamenco.com\/wp-content\/uploads\/2020\/04\/DSC9826-1024x683.jpg 1024w, https:\/\/aycastanaflamenco.com\/wp-content\/uploads\/2020\/04\/DSC9826-300x200.jpg 300w, https:\/\/aycastanaflamenco.com\/wp-content\/uploads\/2020\/04\/DSC9826-768x513.jpg 768w, https:\/\/aycastanaflamenco.com\/wp-content\/uploads\/2020\/04\/DSC9826-1536x1025.jpg 1536w, https:\/\/aycastanaflamenco.com\/wp-content\/uploads\/2020\/04\/DSC9826-2048x1367.jpg 2048w, https:\/\/aycastanaflamenco.com\/wp-content\/uploads\/2020\/04\/DSC9826-800x534.jpg 800w\" sizes=\"auto, (max-width: 1024px) 100vw, 1024px\" \/><\/figure>\n\n\n\n<figure class=\"wp-block-image size-large\"><img loading=\"lazy\" decoding=\"async\" width=\"1024\" height=\"683\" data-id=\"54\" src=\"https:\/\/aycastanaflamenco.com\/wp-content\/uploads\/2020\/04\/DSC9863-1024x683.jpg\" alt=\"Spectacle Manos Sonoras 5\" class=\"wp-image-54\" srcset=\"https:\/\/aycastanaflamenco.com\/wp-content\/uploads\/2020\/04\/DSC9863-1024x683.jpg 1024w, https:\/\/aycastanaflamenco.com\/wp-content\/uploads\/2020\/04\/DSC9863-300x200.jpg 300w, https:\/\/aycastanaflamenco.com\/wp-content\/uploads\/2020\/04\/DSC9863-768x513.jpg 768w, https:\/\/aycastanaflamenco.com\/wp-content\/uploads\/2020\/04\/DSC9863-1536x1025.jpg 1536w, https:\/\/aycastanaflamenco.com\/wp-content\/uploads\/2020\/04\/DSC9863-2048x1367.jpg 2048w, https:\/\/aycastanaflamenco.com\/wp-content\/uploads\/2020\/04\/DSC9863-800x534.jpg 800w\" sizes=\"auto, (max-width: 1024px) 100vw, 1024px\" \/><\/figure>\n\n\n\n<figure class=\"wp-block-image size-large\"><img loading=\"lazy\" decoding=\"async\" width=\"1024\" height=\"683\" data-id=\"52\" src=\"https:\/\/aycastanaflamenco.com\/wp-content\/uploads\/2020\/04\/DSC9813-1-1024x683.jpg\" alt=\"Spectacle Manos Sonoras 7\" class=\"wp-image-52\" srcset=\"https:\/\/aycastanaflamenco.com\/wp-content\/uploads\/2020\/04\/DSC9813-1-1024x683.jpg 1024w, https:\/\/aycastanaflamenco.com\/wp-content\/uploads\/2020\/04\/DSC9813-1-300x200.jpg 300w, https:\/\/aycastanaflamenco.com\/wp-content\/uploads\/2020\/04\/DSC9813-1-768x513.jpg 768w, https:\/\/aycastanaflamenco.com\/wp-content\/uploads\/2020\/04\/DSC9813-1-1536x1025.jpg 1536w, https:\/\/aycastanaflamenco.com\/wp-content\/uploads\/2020\/04\/DSC9813-1-2048x1367.jpg 2048w, https:\/\/aycastanaflamenco.com\/wp-content\/uploads\/2020\/04\/DSC9813-1-800x534.jpg 800w\" sizes=\"auto, (max-width: 1024px) 100vw, 1024px\" \/><\/figure>\n\n\n\n<figure class=\"wp-block-image size-large\"><img loading=\"lazy\" decoding=\"async\" width=\"1024\" height=\"683\" data-id=\"51\" src=\"https:\/\/aycastanaflamenco.com\/wp-content\/uploads\/2020\/04\/DSC9809-1024x683.jpg\" alt=\"Spectacle Manos Sonoras 8\" class=\"wp-image-51\" srcset=\"https:\/\/aycastanaflamenco.com\/wp-content\/uploads\/2020\/04\/DSC9809-1024x683.jpg 1024w, https:\/\/aycastanaflamenco.com\/wp-content\/uploads\/2020\/04\/DSC9809-300x200.jpg 300w, https:\/\/aycastanaflamenco.com\/wp-content\/uploads\/2020\/04\/DSC9809-768x513.jpg 768w, https:\/\/aycastanaflamenco.com\/wp-content\/uploads\/2020\/04\/DSC9809-1536x1025.jpg 1536w, https:\/\/aycastanaflamenco.com\/wp-content\/uploads\/2020\/04\/DSC9809-2048x1367.jpg 2048w, https:\/\/aycastanaflamenco.com\/wp-content\/uploads\/2020\/04\/DSC9809-800x534.jpg 800w\" sizes=\"auto, (max-width: 1024px) 100vw, 1024px\" \/><\/figure>\n\n\n\n<figure class=\"wp-block-image size-large\"><img loading=\"lazy\" decoding=\"async\" width=\"1024\" height=\"683\" data-id=\"47\" src=\"https:\/\/aycastanaflamenco.com\/wp-content\/uploads\/2020\/04\/DSC9772-1024x683.jpg\" alt=\"Spectacle Manos Sonoras 12\" class=\"wp-image-47\" srcset=\"https:\/\/aycastanaflamenco.com\/wp-content\/uploads\/2020\/04\/DSC9772-1024x683.jpg 1024w, https:\/\/aycastanaflamenco.com\/wp-content\/uploads\/2020\/04\/DSC9772-300x200.jpg 300w, https:\/\/aycastanaflamenco.com\/wp-content\/uploads\/2020\/04\/DSC9772-768x513.jpg 768w, https:\/\/aycastanaflamenco.com\/wp-content\/uploads\/2020\/04\/DSC9772-1536x1025.jpg 1536w, https:\/\/aycastanaflamenco.com\/wp-content\/uploads\/2020\/04\/DSC9772-2048x1367.jpg 2048w, https:\/\/aycastanaflamenco.com\/wp-content\/uploads\/2020\/04\/DSC9772-800x534.jpg 800w\" sizes=\"auto, (max-width: 1024px) 100vw, 1024px\" \/><\/figure>\n\n\n\n<figure class=\"wp-block-image size-large\"><img loading=\"lazy\" decoding=\"async\" width=\"1024\" height=\"683\" data-id=\"48\" src=\"https:\/\/aycastanaflamenco.com\/wp-content\/uploads\/2020\/04\/DSC9783-1024x683.jpg\" alt=\"Spectacle Manos Sonoras 11\" class=\"wp-image-48\" srcset=\"https:\/\/aycastanaflamenco.com\/wp-content\/uploads\/2020\/04\/DSC9783-1024x683.jpg 1024w, https:\/\/aycastanaflamenco.com\/wp-content\/uploads\/2020\/04\/DSC9783-300x200.jpg 300w, https:\/\/aycastanaflamenco.com\/wp-content\/uploads\/2020\/04\/DSC9783-768x513.jpg 768w, https:\/\/aycastanaflamenco.com\/wp-content\/uploads\/2020\/04\/DSC9783-1536x1025.jpg 1536w, https:\/\/aycastanaflamenco.com\/wp-content\/uploads\/2020\/04\/DSC9783-2048x1367.jpg 2048w, https:\/\/aycastanaflamenco.com\/wp-content\/uploads\/2020\/04\/DSC9783-800x534.jpg 800w\" sizes=\"auto, (max-width: 1024px) 100vw, 1024px\" \/><\/figure>\n\n\n\n<figure class=\"wp-block-image size-large\"><img loading=\"lazy\" decoding=\"async\" width=\"683\" height=\"1024\" data-id=\"49\" src=\"https:\/\/aycastanaflamenco.com\/wp-content\/uploads\/2020\/04\/DSC9784-683x1024.jpg\" alt=\"Spectacle Manos Sonoras 10\" class=\"wp-image-49\" srcset=\"https:\/\/aycastanaflamenco.com\/wp-content\/uploads\/2020\/04\/DSC9784-683x1024.jpg 683w, https:\/\/aycastanaflamenco.com\/wp-content\/uploads\/2020\/04\/DSC9784-200x300.jpg 200w, https:\/\/aycastanaflamenco.com\/wp-content\/uploads\/2020\/04\/DSC9784-768x1151.jpg 768w, https:\/\/aycastanaflamenco.com\/wp-content\/uploads\/2020\/04\/DSC9784-1025x1536.jpg 1025w, https:\/\/aycastanaflamenco.com\/wp-content\/uploads\/2020\/04\/DSC9784-1367x2048.jpg 1367w, https:\/\/aycastanaflamenco.com\/wp-content\/uploads\/2020\/04\/DSC9784-800x1199.jpg 800w, https:\/\/aycastanaflamenco.com\/wp-content\/uploads\/2020\/04\/DSC9784-scaled.jpg 1709w\" sizes=\"auto, (max-width: 683px) 100vw, 683px\" \/><\/figure>\n\n\n\n<figure class=\"wp-block-image size-large\"><img loading=\"lazy\" decoding=\"async\" width=\"1024\" height=\"683\" data-id=\"50\" src=\"https:\/\/aycastanaflamenco.com\/wp-content\/uploads\/2020\/04\/DSC9804-1024x683.jpg\" alt=\"Spectacle Manos Sonoras 9\" class=\"wp-image-50\" srcset=\"https:\/\/aycastanaflamenco.com\/wp-content\/uploads\/2020\/04\/DSC9804-1024x683.jpg 1024w, https:\/\/aycastanaflamenco.com\/wp-content\/uploads\/2020\/04\/DSC9804-300x200.jpg 300w, https:\/\/aycastanaflamenco.com\/wp-content\/uploads\/2020\/04\/DSC9804-768x513.jpg 768w, https:\/\/aycastanaflamenco.com\/wp-content\/uploads\/2020\/04\/DSC9804-1536x1025.jpg 1536w, https:\/\/aycastanaflamenco.com\/wp-content\/uploads\/2020\/04\/DSC9804-2048x1367.jpg 2048w, https:\/\/aycastanaflamenco.com\/wp-content\/uploads\/2020\/04\/DSC9804-800x534.jpg 800w\" sizes=\"auto, (max-width: 1024px) 100vw, 1024px\" \/><\/figure>\n<\/figure>\n\n\n\n<hr class=\"wp-block-separator has-css-opacity\"\/>\n\n\n\n<figure class=\"wp-block-embed alignleft is-type-video is-provider-youtube wp-block-embed-youtube wp-embed-aspect-16-9 wp-has-aspect-ratio\"><div class=\"wp-block-embed__wrapper\">\n<iframe loading=\"lazy\" title=\"Sole\u00e1 Adele 2022\" width=\"640\" height=\"360\" src=\"https:\/\/www.youtube.com\/embed\/u3zmaxeKxVQ?feature=oembed\" frameborder=\"0\" allow=\"accelerometer; autoplay; clipboard-write; encrypted-media; gyroscope; picture-in-picture; web-share\" referrerpolicy=\"strict-origin-when-cross-origin\" allowfullscreen><\/iframe>\n<\/div><\/figure>\n\n\n\n<figure class=\"wp-block-embed alignleft is-type-video is-provider-youtube wp-block-embed-youtube wp-embed-aspect-16-9 wp-has-aspect-ratio\"><div class=\"wp-block-embed__wrapper\">\n<iframe loading=\"lazy\" title=\"Tangos Adele - 2021\" width=\"640\" height=\"360\" src=\"https:\/\/www.youtube.com\/embed\/iAXm86cGNJ0?feature=oembed\" frameborder=\"0\" allow=\"accelerometer; autoplay; clipboard-write; encrypted-media; gyroscope; picture-in-picture; web-share\" referrerpolicy=\"strict-origin-when-cross-origin\" allowfullscreen><\/iframe>\n<\/div><\/figure>\n\n\n\n<div class=\"wp-block-buttons is-layout-flex wp-block-buttons-is-layout-flex\"><\/div>\n\n\n\n<div class=\"wp-block-group\"><div class=\"wp-block-group__inner-container is-layout-flow wp-block-group-is-layout-flow\">\n<div class=\"wp-block-columns are-vertically-aligned-bottom is-layout-flex wp-container-core-columns-is-layout-9d6595d7 wp-block-columns-is-layout-flex\">\n<div class=\"wp-block-column is-vertically-aligned-bottom is-layout-flow wp-block-column-is-layout-flow\" style=\"flex-basis:100%\">\n<div class=\"wp-block-buttons is-layout-flex wp-block-buttons-is-layout-flex\"><\/div>\n<\/div>\n<\/div>\n<\/div><\/div>\n\n\n\n<p><\/p>\n","protected":false},"excerpt":{"rendered":"<p>\u00ab Le Flamenco est le lien entre mes plus profondes \u00e9motions et leur expression brute. Gr\u00e2ce \u00e0\u2026<\/p>\n","protected":false},"author":1,"featured_media":0,"parent":0,"menu_order":0,"comment_status":"closed","ping_status":"closed","template":"","meta":{"_monsterinsights_skip_tracking":false,"_monsterinsights_sitenote_active":false,"_monsterinsights_sitenote_note":"","_monsterinsights_sitenote_category":0,"footnotes":""},"class_list":["post-67","page","type-page","status-publish","hentry"],"yoast_head":"<!-- This site is optimized with the Yoast SEO plugin v25.2 - https:\/\/yoast.com\/wordpress\/plugins\/seo\/ -->\n<title>Ad\u00e8le Brugidou - \u00a1 Ay Casta\u00f1a ! Flamenco<\/title>\n<meta name=\"description\" content=\"En 2015, Adela d\u00e9m\u00e9nage \u00e0 S\u00e9ville pour se consacrer enti\u00e8rement au baile flamenco. C&#039;est l\u00e0 qu&#039;elle se forme professionnellement aupr\u00e8s de grands maestros.\" \/>\n<meta name=\"robots\" content=\"index, follow, max-snippet:-1, max-image-preview:large, max-video-preview:-1\" \/>\n<link rel=\"canonical\" href=\"https:\/\/aycastanaflamenco.com\/index.php\/adela-brugidou\/\" \/>\n<meta property=\"og:locale\" content=\"fr_FR\" \/>\n<meta property=\"og:type\" content=\"article\" \/>\n<meta property=\"og:title\" content=\"Ad\u00e8le Brugidou - \u00a1 Ay Casta\u00f1a ! Flamenco\" \/>\n<meta property=\"og:description\" content=\"En 2015, Adela d\u00e9m\u00e9nage \u00e0 S\u00e9ville pour se consacrer enti\u00e8rement au baile flamenco. C&#039;est l\u00e0 qu&#039;elle se forme professionnellement aupr\u00e8s de grands maestros.\" \/>\n<meta property=\"og:url\" content=\"https:\/\/aycastanaflamenco.com\/index.php\/adela-brugidou\/\" \/>\n<meta property=\"og:site_name\" content=\"\u00a1 Ay Casta\u00f1a ! Flamenco\" \/>\n<meta property=\"article:modified_time\" content=\"2023-09-03T16:02:08+00:00\" \/>\n<meta property=\"og:image\" content=\"http:\/\/aycastanaflamenco.com\/wp-content\/uploads\/2020\/04\/DSC9783-1024x683.jpg\" \/>\n<meta name=\"twitter:card\" content=\"summary_large_image\" \/>\n<meta name=\"twitter:label1\" content=\"Dur\u00e9e de lecture estim\u00e9e\" \/>\n\t<meta name=\"twitter:data1\" content=\"4 minutes\" \/>\n<script type=\"application\/ld+json\" class=\"yoast-schema-graph\">{\"@context\":\"https:\/\/schema.org\",\"@graph\":[{\"@type\":\"WebPage\",\"@id\":\"https:\/\/aycastanaflamenco.com\/index.php\/adela-brugidou\/\",\"url\":\"https:\/\/aycastanaflamenco.com\/index.php\/adela-brugidou\/\",\"name\":\"Ad\u00e8le Brugidou - \u00a1 Ay Casta\u00f1a ! Flamenco\",\"isPartOf\":{\"@id\":\"https:\/\/aycastanaflamenco.com\/#website\"},\"primaryImageOfPage\":{\"@id\":\"https:\/\/aycastanaflamenco.com\/index.php\/adela-brugidou\/#primaryimage\"},\"image\":{\"@id\":\"https:\/\/aycastanaflamenco.com\/index.php\/adela-brugidou\/#primaryimage\"},\"thumbnailUrl\":\"http:\/\/aycastanaflamenco.com\/wp-content\/uploads\/2020\/04\/DSC9783-1024x683.jpg\",\"datePublished\":\"2020-04-06T11:45:16+00:00\",\"dateModified\":\"2023-09-03T16:02:08+00:00\",\"description\":\"En 2015, Adela d\u00e9m\u00e9nage \u00e0 S\u00e9ville pour se consacrer enti\u00e8rement au baile flamenco. C'est l\u00e0 qu'elle se forme professionnellement aupr\u00e8s de grands maestros.\",\"breadcrumb\":{\"@id\":\"https:\/\/aycastanaflamenco.com\/index.php\/adela-brugidou\/#breadcrumb\"},\"inLanguage\":\"fr-FR\",\"potentialAction\":[{\"@type\":\"ReadAction\",\"target\":[\"https:\/\/aycastanaflamenco.com\/index.php\/adela-brugidou\/\"]}]},{\"@type\":\"ImageObject\",\"inLanguage\":\"fr-FR\",\"@id\":\"https:\/\/aycastanaflamenco.com\/index.php\/adela-brugidou\/#primaryimage\",\"url\":\"http:\/\/aycastanaflamenco.com\/wp-content\/uploads\/2020\/04\/DSC9783-1024x683.jpg\",\"contentUrl\":\"http:\/\/aycastanaflamenco.com\/wp-content\/uploads\/2020\/04\/DSC9783-1024x683.jpg\"},{\"@type\":\"BreadcrumbList\",\"@id\":\"https:\/\/aycastanaflamenco.com\/index.php\/adela-brugidou\/#breadcrumb\",\"itemListElement\":[{\"@type\":\"ListItem\",\"position\":1,\"name\":\"Accueil\"},{\"@type\":\"ListItem\",\"position\":2,\"name\":\"Ad\u00e8le Brugidou\"}]},{\"@type\":\"WebSite\",\"@id\":\"https:\/\/aycastanaflamenco.com\/#website\",\"url\":\"https:\/\/aycastanaflamenco.com\/\",\"name\":\"\u00a1 Ay Casta\u00f1a ! Flamenco\",\"description\":\"\",\"publisher\":{\"@id\":\"https:\/\/aycastanaflamenco.com\/#organization\"},\"potentialAction\":[{\"@type\":\"SearchAction\",\"target\":{\"@type\":\"EntryPoint\",\"urlTemplate\":\"https:\/\/aycastanaflamenco.com\/?s={search_term_string}\"},\"query-input\":{\"@type\":\"PropertyValueSpecification\",\"valueRequired\":true,\"valueName\":\"search_term_string\"}}],\"inLanguage\":\"fr-FR\"},{\"@type\":\"Organization\",\"@id\":\"https:\/\/aycastanaflamenco.com\/#organization\",\"name\":\"Ay Castana Flamenco\",\"url\":\"https:\/\/aycastanaflamenco.com\/\",\"logo\":{\"@type\":\"ImageObject\",\"inLanguage\":\"fr-FR\",\"@id\":\"https:\/\/aycastanaflamenco.com\/#\/schema\/logo\/image\/\",\"url\":\"https:\/\/aycastanaflamenco.com\/wp-content\/uploads\/2020\/04\/cropped-Logo-Playlist.png\",\"contentUrl\":\"https:\/\/aycastanaflamenco.com\/wp-content\/uploads\/2020\/04\/cropped-Logo-Playlist.png\",\"width\":500,\"height\":176,\"caption\":\"Ay Castana Flamenco\"},\"image\":{\"@id\":\"https:\/\/aycastanaflamenco.com\/#\/schema\/logo\/image\/\"}}]}<\/script>\n<!-- \/ Yoast SEO plugin. -->","yoast_head_json":{"title":"Ad\u00e8le Brugidou - \u00a1 Ay Casta\u00f1a ! Flamenco","description":"En 2015, Adela d\u00e9m\u00e9nage \u00e0 S\u00e9ville pour se consacrer enti\u00e8rement au baile flamenco. C'est l\u00e0 qu'elle se forme professionnellement aupr\u00e8s de grands maestros.","robots":{"index":"index","follow":"follow","max-snippet":"max-snippet:-1","max-image-preview":"max-image-preview:large","max-video-preview":"max-video-preview:-1"},"canonical":"https:\/\/aycastanaflamenco.com\/index.php\/adela-brugidou\/","og_locale":"fr_FR","og_type":"article","og_title":"Ad\u00e8le Brugidou - \u00a1 Ay Casta\u00f1a ! Flamenco","og_description":"En 2015, Adela d\u00e9m\u00e9nage \u00e0 S\u00e9ville pour se consacrer enti\u00e8rement au baile flamenco. C'est l\u00e0 qu'elle se forme professionnellement aupr\u00e8s de grands maestros.","og_url":"https:\/\/aycastanaflamenco.com\/index.php\/adela-brugidou\/","og_site_name":"\u00a1 Ay Casta\u00f1a ! Flamenco","article_modified_time":"2023-09-03T16:02:08+00:00","og_image":[{"url":"http:\/\/aycastanaflamenco.com\/wp-content\/uploads\/2020\/04\/DSC9783-1024x683.jpg","type":"","width":"","height":""}],"twitter_card":"summary_large_image","twitter_misc":{"Dur\u00e9e de lecture estim\u00e9e":"4 minutes"},"schema":{"@context":"https:\/\/schema.org","@graph":[{"@type":"WebPage","@id":"https:\/\/aycastanaflamenco.com\/index.php\/adela-brugidou\/","url":"https:\/\/aycastanaflamenco.com\/index.php\/adela-brugidou\/","name":"Ad\u00e8le Brugidou - \u00a1 Ay Casta\u00f1a ! Flamenco","isPartOf":{"@id":"https:\/\/aycastanaflamenco.com\/#website"},"primaryImageOfPage":{"@id":"https:\/\/aycastanaflamenco.com\/index.php\/adela-brugidou\/#primaryimage"},"image":{"@id":"https:\/\/aycastanaflamenco.com\/index.php\/adela-brugidou\/#primaryimage"},"thumbnailUrl":"http:\/\/aycastanaflamenco.com\/wp-content\/uploads\/2020\/04\/DSC9783-1024x683.jpg","datePublished":"2020-04-06T11:45:16+00:00","dateModified":"2023-09-03T16:02:08+00:00","description":"En 2015, Adela d\u00e9m\u00e9nage \u00e0 S\u00e9ville pour se consacrer enti\u00e8rement au baile flamenco. C'est l\u00e0 qu'elle se forme professionnellement aupr\u00e8s de grands maestros.","breadcrumb":{"@id":"https:\/\/aycastanaflamenco.com\/index.php\/adela-brugidou\/#breadcrumb"},"inLanguage":"fr-FR","potentialAction":[{"@type":"ReadAction","target":["https:\/\/aycastanaflamenco.com\/index.php\/adela-brugidou\/"]}]},{"@type":"ImageObject","inLanguage":"fr-FR","@id":"https:\/\/aycastanaflamenco.com\/index.php\/adela-brugidou\/#primaryimage","url":"http:\/\/aycastanaflamenco.com\/wp-content\/uploads\/2020\/04\/DSC9783-1024x683.jpg","contentUrl":"http:\/\/aycastanaflamenco.com\/wp-content\/uploads\/2020\/04\/DSC9783-1024x683.jpg"},{"@type":"BreadcrumbList","@id":"https:\/\/aycastanaflamenco.com\/index.php\/adela-brugidou\/#breadcrumb","itemListElement":[{"@type":"ListItem","position":1,"name":"Accueil"},{"@type":"ListItem","position":2,"name":"Ad\u00e8le Brugidou"}]},{"@type":"WebSite","@id":"https:\/\/aycastanaflamenco.com\/#website","url":"https:\/\/aycastanaflamenco.com\/","name":"\u00a1 Ay Casta\u00f1a ! Flamenco","description":"","publisher":{"@id":"https:\/\/aycastanaflamenco.com\/#organization"},"potentialAction":[{"@type":"SearchAction","target":{"@type":"EntryPoint","urlTemplate":"https:\/\/aycastanaflamenco.com\/?s={search_term_string}"},"query-input":{"@type":"PropertyValueSpecification","valueRequired":true,"valueName":"search_term_string"}}],"inLanguage":"fr-FR"},{"@type":"Organization","@id":"https:\/\/aycastanaflamenco.com\/#organization","name":"Ay Castana Flamenco","url":"https:\/\/aycastanaflamenco.com\/","logo":{"@type":"ImageObject","inLanguage":"fr-FR","@id":"https:\/\/aycastanaflamenco.com\/#\/schema\/logo\/image\/","url":"https:\/\/aycastanaflamenco.com\/wp-content\/uploads\/2020\/04\/cropped-Logo-Playlist.png","contentUrl":"https:\/\/aycastanaflamenco.com\/wp-content\/uploads\/2020\/04\/cropped-Logo-Playlist.png","width":500,"height":176,"caption":"Ay Castana Flamenco"},"image":{"@id":"https:\/\/aycastanaflamenco.com\/#\/schema\/logo\/image\/"}}]}},"_links":{"self":[{"href":"https:\/\/aycastanaflamenco.com\/index.php\/wp-json\/wp\/v2\/pages\/67","targetHints":{"allow":["GET"]}}],"collection":[{"href":"https:\/\/aycastanaflamenco.com\/index.php\/wp-json\/wp\/v2\/pages"}],"about":[{"href":"https:\/\/aycastanaflamenco.com\/index.php\/wp-json\/wp\/v2\/types\/page"}],"author":[{"embeddable":true,"href":"https:\/\/aycastanaflamenco.com\/index.php\/wp-json\/wp\/v2\/users\/1"}],"replies":[{"embeddable":true,"href":"https:\/\/aycastanaflamenco.com\/index.php\/wp-json\/wp\/v2\/comments?post=67"}],"version-history":[{"count":21,"href":"https:\/\/aycastanaflamenco.com\/index.php\/wp-json\/wp\/v2\/pages\/67\/revisions"}],"predecessor-version":[{"id":895,"href":"https:\/\/aycastanaflamenco.com\/index.php\/wp-json\/wp\/v2\/pages\/67\/revisions\/895"}],"wp:attachment":[{"href":"https:\/\/aycastanaflamenco.com\/index.php\/wp-json\/wp\/v2\/media?parent=67"}],"curies":[{"name":"wp","href":"https:\/\/api.w.org\/{rel}","templated":true}]}}